b be w(16). Calculate the greatest common factor of b and 264.
24
Suppose -131 = -5*b + 674. Let u be (-2)/(-5) + 339/15. What is the greatest common factor of b and u?
23
Let v be 11 - -3 - 2*1. Let l(d) = 2*d + 3. Let n be l(v). What is the highest common divisor of 3 and n?
3
Suppose 85 = 4*i - 35. Let m = 8 - -12. What is the highest common factor of m and i?
10
Let p = 6 + 78. Let q be 18/(-7)*p/(-9). Let a be 0/2 + (-3)/(-1). What is the greatest common divisor of a and q?
3
Suppose 10*q - 936 = 6*q. Calculate the greatest common factor of q and 26.
26
Suppose 2*v - 2*w - 180 = w, -v + 4*w + 100 = 0. Let u be (-42)/(2/((-16)/12)). What is the highest common factor of u and v?
28
Let a = -11 - -12. Suppose 3*f = -5*v + v + 43, -f + 2*v = -a. What is the highest common divisor of f and 9?
9
Suppose -15 = -5*x - 0. Suppose b + 40 = x*b. Calculate the highest common factor of 5 and b.
5
Let p = -14 - 23. Let b = -21 - p. What is the greatest common factor of b and 24?
8
Suppose -2*j = -7*j + 40. Let o(l) = l**2 - 5*l + 2. Let b be o(j). What is the highest common divisor of 286 and b?
26
Let o be (2*-2)/((-3)/12). Suppose 0 = 3*h - 5*l - 6, 0 = 2*h + 3*l - 2 - 2. What is the greatest common divisor of o and h?
2
Let h(c) = c**2 + c + 3. Let o be h(-3). What is the highest common divisor of 9 and o?
9
Suppose l + 9 = 5*l + 5*a, 4 = 4*a. What is the highest common factor of l and 7?
1
Let x(n) = -3*n + 14 + 2*n**2 - 6 - 3*n. Let u be x(6). Calculate the greatest common factor of 22 and u.
22
Let z(o) = -4*o**2 + 13*o - 17. Let g(u) = -u**2 - 1. Let k(p) = 5*g(p) - z(p). Let j be k(-13). Calculate the greatest common divisor of j and 4.
4
Let p = -8 - -8. Suppose p = i + 2*i - 6. Let v be i/((-20)/(-18) - 1). What is the greatest common factor of 9 and v?
9
Let g = 41 - 21. Let c be 1332/10 - 4/g. What is the highest common factor of 19 and c?
19
Suppose 2*g - 10 = 14. Let c(o) = o**2 - o. Let m be c(-3). Calculate the highest common divisor of m and g.
12
Let w be (-2 + (-5)/(-3))/((-31)/1488). Calculate the greatest common factor of w and 104.
8
Suppose -f = -3*f + 140. Calculate the highest common divisor of 35 and f.
35
Let c = 30 - 21. What is the highest common divisor of 45 and c?
9
Suppose 5*x - 12 - 3 = 0. Suppose -x = -a + 1. Suppose a*p = -3*z - 0*z + 33, -z - 21 = -4*p. What is the highest common factor of 6 and p?
6
Let c be 14 + 1/2*2. Let f be 380*((-6)/c)/(-1). What is the greatest common divisor of f and 19?
19
Suppose 4*f = 5*w + 80, 5*f - 4*f + 3*w - 3 = 0. Calculate the greatest common factor of 105 and f.
15
Suppose -5*z + 4*u + 120 = 0, -4*u = -3*z - 2*u + 70. What is the highest common divisor of 50 and z?
10
Let z(t) = -2*t**2 + 33*t - 4. Let k be z(10). Calculate the highest common divisor of k and 18.
18
Let v = -31 + 93. Let n = v + -10. Calculate the highest common divisor of n and 13.
13
Let n(d) = -d - 3. Let i be n(-9). Suppose 4*s - 2*b - 2 = 0, 3*s - 5*b = i*s - 34. Suppose s*h + 80 = 8*h. Calculate the highest common divisor of 4 and h.
4
Let o be (-2)/8*1 - (-442)/8. Calculate the highest common factor of 5 and o.
5
Let y = -127 - -172. What is the highest common divisor of y and 75?
15
Suppose t + 8 = -7. Let b = t - -26. Suppose 5*u - 3*a - 9 = 5, -3*a - 13 = -4*u. What is the greatest common divisor of u and b?
1
Let o = -2 + 32. What is the highest common factor of 20 and o?
10
Let j = -4 - -4. Let i(z) = -z**2 - z + 26. Let b be i(j). Suppose -3*w + 81 = 5*s + b, 0 = -w - 4*s + 30. What is the greatest common factor of 40 and w?
10
Let z = 1 + 14. Let o = 15 - 10. Suppose 4*w = 2*f + 540, -384 - 291 = -o*w + 2*f. Calculate the greatest common factor of w and z.
15
Let a be 14/(-3)*(-186)/4. Let z be 1/(-3) - a/(-3). Calculate the greatest common factor of z and 8.
8
Let m(y) = -y**2 - 5*y + 1. Let r be m(-4). Suppose -d = l - 132, -r*l + 274 = 2*d - l. Let p = d - 46. What is the highest common divisor of 9 and p?
9
Suppose -3*r - 7*r + 250 = 0. What is the highest common divisor of 325 and r?
25
Suppose -12*g = -609 - 1983. What is the greatest common divisor of g and 24?
24
Suppose -13*o + 288 = -9*o. What is the greatest common factor of o and 8?
8
Suppose -k - 4*v + 3 = 7, 25 = -5*v. Let f be (-4040)/(-36) + (-2)/9. What is the highest common divisor of f and k?
16
Let u be (-3 - 0) + (-5 - -6 - -4). Calculate the greatest common divisor of u and 5.
1
Let k be (-12)/8*8/(-6). Suppose b = s - 4*s + 32, 0 = k*b + 5*s - 61. Calculate the highest common divisor of 253 and b.
23
Suppose -v + 0*v = -4*q - 52, 0 = -4*v - 3*q + 189. What is the greatest common factor of 120 and v?
24
Let h = -21 + 37. What is the greatest common divisor of h and 24?
8
Let o = -65 - -73. What is the greatest common divisor of 28 and o?
4
Let c be (-268)/(-6) + (-1)/(-3). Let d(u) = u**3 + 5*u**2 + 3*u + 2. Let k be d(-4). Suppose k + 9 = q. Calculate the greatest common divisor of q and c.
15
Let z = -6 - -11. Suppose -3*b - 24 = -2*c, z*b = 3*c - 39 + 1. What is the highest common divisor of c and 15?
3
Suppose -275 + 25 = -5*l. Suppose -18 = 2*u - l. What is the highest common divisor of u and 80?
16
Let j = 4 - 1. Let h be -5 + j + 0 - -38. Calculate the greatest common factor of 4 and h.
4
Let w be ((-1)/3)/(5/(-15)) + 13. What is the highest common factor of w and 28?
14
Let c be 47 + -4 + 4 - 2. What is the highest common divisor of 9 and c?
9
Suppose 0 = -2*l - 3*j + 9, -5*l + 9*j + 60 = 4*j. Let o = l - 1. Calculate the highest common divisor of 24 and o.
8
Suppose t = 5*a - 6, 4*a - 2 = 4*t - 3*t. Calculate the greatest common factor of t and 21.
7
Let o = 48 + 6. Let q(j) = j**3 + 15*j**2 - 12*j + 70. Let d be q(-16). Calculate the highest common factor of d and o.
6
Let h(i) = i**2 + i + 8. Suppose 0*q - 5*q + 35 = 0. Let d be h(q). Let x be -1*2*(-1 - 3). Calculate the highest common divisor of d and x.
8
Let u = 186 - 82. Suppose -3*r = -k - 170, -2*r - k = 3*k - u. What is the highest common factor of 8 and r?
8
Suppose 0 = 5*k - 3*k - 68. Let h = 65 + k. What is the greatest common divisor of h and 11?
11
Let y(r) = -23*r**2 - 2*r + 5. Let t(k) = -k**2 - k - 1. Let u(x) = -2*t(x) - y(x). Let g be u(3). Calculate the greatest common divisor of g and 26.
26
Let k(p) = -p**3 + 15*p**2 - 10*p - 21. Let x be k(14). What is the greatest common divisor of 5 and x?
5
Suppose 0*u + u - 21 = 0. Suppose -7 = -5*m + 8. Calculate the greatest common factor of u and m.
3
Suppose 1 = -4*d - 15, 0 = -4*g - 4*d + 192. Calculate the highest common divisor of g and 13.
13
Let o(w) = w**2 - w + 2. Let t be o(3). Suppose 0 = -3*d - 1 + 7. Suppose 4*q - 74 = -2*v, d*q + 3*v - 31 = q. What is the greatest common factor of t and q?
8
Let v be -2 + 5*3 + 0. Suppose -8*o + 4*o = -32. Let y(r) = 2*r**2 - 4*r - 5. Let x be y(o). What is the greatest common divisor of v and x?
13
Let d(w) = -w - 1. Let z be -2*8/12*3. Let q be d(z). Calculate the highest common factor of 3 and q.
3
Let z(v) = v - 6. Let f be z(6). Suppose -3*r - 15 + 75 = f. What is the highest common factor of 20 and r?
20
Suppose -15*z + 19*z - 16 = 0. Calculate the greatest common divisor of z and 24.
4
Let t be 4 + 2/(-1) - 13. Let i = t - -23. Let w(p) = p**2 - 3*p + 36. Let j be w(0). What is the greatest common factor of j and i?
12
Suppose -2*n - 4 + 21 = -3*v, 0 = -n - v + 1. Suppose -n*y = -0*y - 200. Suppose 11 - y = -3*k. What is the highest common divisor of k and 104?
13
Let t(m) = -m**3 + 3*m**2 + 5*m - 3. Let f be t(4). Let r(s) = -5 + f - 5*s - 1. Let c be r(-5). What is the greatest common factor of c and 10?
10
Let x(b) = -2*b**2 - 39*b - 18. Let w(l) = l**2 + 20*l + 9. Let h(f) = 11*w(f) + 6*x(f). Let c be h(-5). Calculate the greatest common factor of c and 9.
9
Let p be (-2)/7 + 678/21. Let c = 249 - 101. Let y = p + c. Calculate the highest common factor of 20 and y.
20
Suppose -3*x - 4*q = 10 - 279, 2*q = -4*x + 362. Calculate the greatest common factor of x and 65.
13
Suppose -7 = y - 4*d, y + 2*d - 14 = 5*y. Let q(g) = g**2 - 2*g - 4. Let w be q(y). Let r be w/2 + 5/10. What is the highest common divisor of 54 and r?
6
Suppose -2*x + 3*z = -12, 5*x = 3*z + 57 - 18. Calculate the highest common factor of 9 and x.
9
Let m = 9 - 5. Suppose -296 =